31. List the prime factors of ((-30)/4)/(q/32).
2, 5
Suppose 3*p = -2*p + 40. Let q = p + -3. What are the prime factors of q?
5
Let u = 140 - 62. List the prime factors of u.
2, 3, 13
Suppose 4*u + 187 = 2*s + 3*u, u - 1 = 0. List the prime factors of s.
2, 47
Let g(b) = 5*b - 8*b**2 + 1 + b**3 - 9 + 0*b**3. List the prime factors of g(8).
2
Let p(n) = n**3 - n**2. Let g be p(1). Suppose q + 12 = 5*x, -4*q + 3*x + 3 = -g*q. Suppose -q*m = t - 17, t = -t - 2. What are the prime factors of m?
2, 3
Let p = -15 - -43. Suppose -5 = -3*v + p. What are the prime factors of v?
11
Let q be (-15)/(-6)*(-12)/(-15). Suppose 4*b + 5*g - 216 = 0, -q*g + 234 - 72 = 3*b. What are the prime factors of b?
2, 3
Suppose -5*o + 165 = -0*o + 5*n, 5*o - 2*n = 130. What are the prime factors of o?
2, 7
Let j(w) be the first derivative of -w**2/2 + 25*w + 1. What are the prime factors of j(12)?
13
List the prime factors of 1/(((-36)/(-152))/9).
2, 19
Suppose 2*z + 0*z = -2*c, -2*c - 4 = 0. Let w be -2 + 1 - (3 + -9). Suppose 3*o - 3*l = 3, -o - w*l = z*o - 11. What are the prime factors of o?
2
Suppose 9 = 4*k - 15. Let m = 16 - k. List the prime factors of m.
2, 5
Suppose -5*r + k = -227, 0 = -k - 2*k + 9. List the prime factors of r.
2, 23
Let c = 505 + -218. What are the prime factors of c?
7, 41
Let o(p) = -p**3 + 11*p**2 - 15*p + 4. List the prime factors of o(6).
2, 47
Let v = -6 + 8. Suppose 38 = 3*y - v*r, -r = -3*y + 3*r + 28. What are the prime factors of y?
2
Let a = 113 + -76. Let p = a + -5. Suppose k + p = 5*k. What are the prime factors of k?
2
Suppose -5*o - w = 4, -3*w - 1 + 2 = 2*o. Let g(a) = -5*a + 1. What are the prime factors of g(o)?
2, 3
Let r(c) = -9*c + 7. List the prime factors of r(-5).
2, 13
Let h = 7 - 6. List the prime factors of (-4)/3*h*-12.
2
Let c = -17 - -28. Suppose 3*l = 2*y - 15, c*y - 6*y = -3*l + 90. List the prime factors of y.
3, 5
Let u(q) = 6*q - 1. Let x be u(1). Suppose x*a - 8 = 22. What are the prime factors of a + (1/(-1) - -2)?
7
Suppose 2*n = -4*v + 36, 2*v = 3 + 1. Let o(q) = 8 - 2*q - 3 - n. What are the prime factors of o(-6)?
3
Suppose -3*l + 96 = 18. What are the prime factors of l?
2, 13
Let r be (-3 - (1 - 22))/(-1). What are the prime factors of (r/(-4))/(3/8)?
2, 3
Suppose 0 = t + 1. What are the prime factors of t/(1*2/(-6))?
3
Let i(f) = 1 - 2*f + 9 - 2*f - 8. What are the prime factors of i(-3)?
2, 7
Suppose 8 + 2 = 2*x. What are the prime factors of x?
5
Let a(j) be the second derivative of j**5/20 - 3*j**4/4 + 5*j**3/6 - j**2 + 8*j. What are the prime factors of a(9)?
43
Let o(p) be the first derivative of -p**4/4 + 2*p**3 - 6*p - 3. What are the prime factors of o(5)?
19
Let x = 2 - -9. List the prime factors of x.
11
Let y(d) = -7*d + 3. Let f be y(3). What are the prime factors of f/(-10)*(-9 - -19)?
2, 3
Let u(o) = o**3 + 6*o**2 + 4*o - 3. Let j be u(-5). Let l be -2 - (0 + -1*j). List the prime factors of (-1)/(l - (-2)/(-24)).
2, 3
Suppose -s + 2*s = 3*j - 819, 3*j + 5*s = 801. List the prime factors of j.
2, 17
Suppose -5*p + s = -161, 4*s + 23 - 6 = p. What are the prime factors of p?
3, 11
Suppose -326 = -2*t + 5*x, -4*t - 4*x + 89 = -507. What are the prime factors of t?
3, 17
Let m be 2 + 0 - (1 - 1). Let p be (-3 - -5)*3/m. Suppose 0 = -p*s + 9, 5*o - 18 = -s + 15. What are the prime factors of o?
2, 3
Let r be (-16)/(-9) - 8/(-36). Suppose 0 = -2*t - r*v - 2*v, 5*v - 6 = -4*t. Suppose -t*x + 7 = -33. What are the prime factors of x?
2, 5
Let s(m) be the first derivative of -2*m**2 - 9*m - 7. List the prime factors of s(-9).
3
Let m(q) be the second derivative of q**5/60 - 3*q**4/8 + 3*q**3/2 + q**2/2 + q. Let u(i) be the first derivative of m(i). What are the prime factors of u(9)?
3
Let s be ((-3)/(-2))/(3/2). What are the prime factors of s + -1 - 30/(-3)?
2, 5
Let k(u) = -2*u**3 + 1. Let i be k(1). Let y(c) = 17*c**2 + c. Let p(n) = -n - 1. Let g(z) = p(z) + y(z). What are the prime factors of g(i)?
2
Let c = -69 + 24. Let y be (-1)/(-5) - 81/c. What are the prime factors of (3/6 + y)*8?
2, 5
Suppose 0 = -2*o, -6*o - 6 = -2*c - 2*o. What are the prime factors of c?
3
List the prime factors of ((-388)/(-6))/((-28)/(-42)).
97
Let a be 1 + -13 + 0/1. Let u = a + 17. Suppose -u*o + 41 = 1. What are the prime factors of o?
2
Let g = -71 - -127. Suppose 4*q - g = -k + 5*k, 3*q - 38 = k. What are the prime factors of q?
2, 3
Let i(d) be the first derivative of 4*d**3 - d**2 - 2*d - 8. List the prime factors of i(-2).
2, 5
Suppose 4*m - 33 = -3*d, -5*m - 2*d + 46 - 3 = 0. Let t(j) = j**3 + 7*j**2 + 8*j + 8. Let p be t(-6). Let l = m + p. What are the prime factors of l?
5
Let h(m) = 5*m**2 - 3*m - 3. Let j(g) = -2*g**2 + g + 1. Let v(r) = 4*h(r) + 9*j(r). What are the prime factors of v(4)?
17
Suppose -377 = -4*t - 117. What are the prime factors of t?
5, 13
Let m(a) = -15*a - 2. Let v be m(-2). Suppose 4*o + 4 = v. Suppose h = -2*h + o. What are the prime factors of h?
2
Let a(t) = t**2 + t - 9. Let p = 7 + -13. What are the prime factors of a(p)?
3, 7
Let r(v) = -3*v. Let t = -4 + 5. Let j be r(t). List the prime factors of (-20)/(-6)*j/(-2).
5
Let y(v) = v. Let c be y(0). Let k = 2 - c. Let q = 2 + k. What are the prime factors of q?
2
Let n(d) = -d - 1. Let p be n(-5). Suppose 0 = -2*g + 5 + 21. List the prime factors of (-2)/(-8)*g*p.
13
Let z(l) = 47*l - 98. What are the prime factors of z(8)?
2, 139
Let l be 3 + 1 + -2 + 1. Suppose l*g - 2*n + 21 = 0, -2*g - 3*n - 15 = -1. What are the prime factors of (-1)/(1/g - 0)?
7
Suppose -b = 4*b - 15. Let z = -1 + b. Suppose 6*k = z*k + 52. List the prime factors of k.
13
Suppose 3 = -3*t - 3*y, 7 = -3*y - 2. Suppose -5*i = -23 + 8. Suppose -t*r + i = -19. List the prime factors of r.
11
List the prime factors of -2 - 4/4*-87.
5, 17
Let g be ((-8)/(-6))/(12/(-54)). What are the prime factors of (9/g)/(6/(-8))?
2
Suppose 0 = -3*b + o + 52, b - 3*b - 3*o + 53 = 0. What are the prime factors of b?
19
Suppose -216 = -m - 2*m. What are the prime factors of ((-6)/(-8))/(3/m)?
2, 3
Let o(r) = r + 12. Suppose -2*g - 4*a = 16, 2*g + 3*g = 5*a - 70. Let y be o(g). Suppose -3*f + q + 35 = 0, y*f - q = f - 13. What are the prime factors of f?
2, 3
Let v = 83 + -52. List the prime factors of v.
31
Let o be ((-4)/3)/(8/(-348)). Let v = 91 - o. Suppose 3*z = 6*z - v. What are the prime factors of z?
11
Let z(s) = 3*s + 4. Let j be z(-4). Let f = -5 - j. List the prime factors of f.
3
Let v = 13 + 8. What are the prime factors of v?
3, 7
Let v(i) = -i + 3. Let l be v(-3). Let s = l + 22. Suppose r = 3*r + 2, -2*r = 5*g - s. List the prime factors of g.
2, 3
Suppose 2*c = 6*c - 8. Suppose -15 = -c*d - 5. Suppose d*b - 6 = 14. List the prime factors of b.
2
Let q(a) = 2*a**2 - 4*a. List the prime factors of q(-3).
2, 3, 5
Suppose 2*u - v - 15 = -2*u, -4*v + 20 = 0. Suppose 9*m - u = 4*m, -4*q = -5*m - 71. List the prime factors of q.
19
Suppose 4 = -p + 2*a + 15, -4*p - 2*a = -4. What are the prime factors of 24/16*98/p?
7
Suppose 3*l + 19 = 5*f, -2*l - 3 = -3*f - 3*l. Suppose 6*w - f*w - 84 = 0. What are the prime factors of w?
3, 7
Suppose 2*t - 117 = -t. List the prime factors of t.
3, 13
Let r = -121 + 201. What are the prime factors of r?
2, 5
Let l(n) = -3*n - 3*n + 6*n**2 + 2 + 2*n - 4*n**2 + n**3. What are the prime factors of l(2)?
2, 5
Let a = 155 - 66. What are the prime factors of a?
89
Let k be (0/(-1))/1 - -1. Suppose 2*t = o + k + 10, 2*t - 4*o + 4 = 0. Let j = t + -6. What are the prime factors of j?
2
Let k be (2/(-6))/(2/(-18)). Suppose 4*w + 3*b - 21 = w, k*b = 3*w - 45. List the prime factors of w.
11
Suppose 0 = l - 0*l. Let i be -1 - (6 - -2 - l). Let k = -7 - i. List the prime factors of k.
2
Suppose -5*t + 5*c = 3*c - 45, 3*t + c = 16. Let q = t + 17. What are the prime factors of q?
2, 3
Suppose 5*z = 2*z - 30. Let p = 46 + -88. What are the prime factors of 2/z + p/(-10)?
2
Let o(u) = u**2 + 8*u + 10. Let p be o(-10). Let j be 13/5 + 12/p. Suppose -j*b + b = -44. What are the prime factors of b?
2, 11
Suppose 4*m + 19 - 51 = 0. Let s = m - 4. Suppose 0 = 4*p - 5*t - 38, 0 = -s*p - t - 8 + 58. List the prime factors of p.
2, 3
Let f(x) = x**2 - 5*x - 3. Let w be f(7). Suppose w = 4*v - 3*d, -2*d = v - d - 1. Suppose 2*i + 0*r = r + 29